- 1 = 0. Let o = 4 + l. What is the units digit of o?
5
Let b = 6 + -3. Suppose b = w - 2. Suppose 3 = -w*h + 13. What is the units digit of h?
2
Suppose -2*s = -5*f + 25, 0*f + 5*s = 5*f - 40. Suppose 30 = f*l + 3*z, -51 = -5*l + z + 17. What is the tens digit of l?
1
Suppose -4*z + 2*i + 4 = -0, i = z. Suppose -z*k + 1 = -3*k. Let j = k - -16. What is the units digit of j?
5
Suppose -4*z = -3*d + 2*d + 208, -3*z + 948 = 5*d. What is the hundreds digit of d?
1
Suppose t = -t + 24. What is the tens digit of t?
1
Let s(k) = k**2 - 3*k - 2. What is the tens digit of s(-6)?
5
Let s(l) = l + 11. Let w be s(-8). Let b = w + 41. What is the tens digit of b?
4
Suppose -3*w = 5*m - 22, -8 = 4*m - 2*m. Suppose 2*d + x + w = 3*d, 0 = -4*d - 4*x + 24. What is the tens digit of d?
1
Let o be 88/10*20/8. Suppose 0 = 2*y - 122 + o. Suppose 3*d = -2*d + y. What is the tens digit of d?
1
Let l(s) = 3*s - 25. What is the units digit of l(10)?
5
Let m(n) = 4*n - 8. Suppose 4*y + y - 2*h - 34 = 0, 5*h + 28 = 3*y. What is the tens digit of m(y)?
1
Let k be (-45 + 0)*(-4)/10. Suppose -3*h = h + 4*a - 4, 0 = -4*h + 3*a + k. What is the units digit of h?
3
Let r = -50 - -86. Let d = 12 + -2. What is the units digit of (r/15)/(4/d)?
6
Let g = 14 - 21. Let o(a) = -a**3 - 6*a**2 + 8*a + 8. What is the units digit of o(g)?
1
Let a = -50 + 114. Suppose -4*i + a = -4. What is the tens digit of i?
1
Let q = -7 - -4. Let b = -7 + q. What is the tens digit of 5/((-30)/9)*b?
1
Let c(n) = -n + 4. Let s be c(4). Suppose 2*l = 3*w - 3, s = 3*w - 4*w + 3. What is the units digit of l?
3
Let u = 8 - 5. Suppose -4*z + 2 = -u*z. Suppose 0*r = z*r - 32. What is the units digit of r?
6
Let y be 1*(-7 - 0)/(-1). Let i(t) = t**3 - 8*t**2 + 10*t - 7. What is the tens digit of i(y)?
1
Suppose 7 = -5*x + 2. What is the tens digit of (x/(-3))/((-2)/(-234))?
3
Suppose -5*x = 5*z - 2*z - 84, -4*x - 140 = -5*z. Suppose z = q + q. What is the tens digit of q?
1
Let w(v) = v**2 + 7*v - 3. What is the units digit of w(-8)?
5
Let a = 91 - -71. What is the hundreds digit of a?
1
Let r = -1 - -128. What is the units digit of r?
7
Suppose 5*f - 109 - 46 = 0. What is the units digit of f?
1
Let k(n) be the second derivative of 17*n**4/6 - n**3/3 + n**2/2 + 3*n. Let f be k(1). Suppose 0*t = -3*t + f. What is the units digit of t?
1
What is the tens digit of (-122)/(-3) + 26/(-39)?
4
Let n(u) = 12*u. What is the units digit of n(2)?
4
Let n(u) = u**3 + 14*u**2 + 15*u + 12. Let d be n(-13). Let c = 21 + d. What is the units digit of c?
7
Let d(j) = -j**2 - 7*j + 1. Let u(a) = -a**3 - 4*a**2 - 2*a - 2. Let n be u(-3). What is the tens digit of d(n)?
1
What is the units digit of 22*((-9)/(-6))/3?
1
Let m(l) = -l**3 - 2*l**2 + 4*l - 9. Let g be m(-4). Let b(z) = 0*z + 2*z - z. What is the units digit of b(g)?
7
Let o(a) = a**3 - 10*a**2 - a + 12. Let b be o(10). Suppose -2*c = b - 10. What is the units digit of c?
4
Let a = -10 + 14. What is the units digit of a?
4
Let i = 288 + -156. What is the hundreds digit of i?
1
Let t = -7 + 12. Suppose t*s + 4*o + 12 = 0, -s + 0*o = -o - 3. Suppose -l + 3*l - 16 = s. What is the units digit of l?
8
Let s(u) be the third derivative of -2*u**2 + 0*u + 1/12*u**4 - 1/2*u**3 + 0. What is the units digit of s(5)?
7
Suppose 3*d = d + 3*s, -d - 4*s = 0. Suppose d = 6*p - p - 85. What is the tens digit of p?
1
Let n(i) = i**2 + 7*i + 7. Let p be (22/(-3))/(3/(-9)). Let y be p/(-3) - 8/12. What is the units digit of n(y)?
5
Suppose 15 = -5*d, 3*h = 8*h + 2*d - 249. What is the tens digit of h?
5
Let d(u) = 11*u**3 - 2*u + 1. Let i(k) = k**3 - k**2 - 3*k + 3. Let z be i(2). What is the tens digit of d(z)?
1
Suppose 2*n + 4*u + 12 = 2*u, 16 = -4*n - 2*u. Let c be (16/6 + n)*3. Suppose -7 + 21 = c*p. What is the units digit of p?
7
Suppose 0 = -2*t - 0*q - 3*q + 100, -5*t + 5*q = -225. What is the tens digit of t?
4
What is the tens digit of 0 - ((-2)/1 + -23)?
2
Let m(z) = -2*z - 9. Let h be m(-7). Let a = h - 4. Suppose -5*q + 31 - a = 2*b, 7 = 3*q - b. What is the units digit of q?
4
Let l(g) = -1 - 3*g**3 + 0 + 2*g + 4*g**3 - 4*g**2. What is the units digit of l(4)?
7
Suppose -16 = -0*p - p. Suppose u + 5 = f - u, 0 = -4*f + 4*u + p. Suppose -13 = -3*h + 4*s, -h + 2*s - f*s = -2. What is the units digit of h?
3
Suppose 0*b - b = -6. What is the units digit of (-2)/b + (-112)/(-21)?
5
Suppose 3*h = 4*d - 35, -2*h - 5 + 3 = 0. Suppose g = -0*g + d. What is the units digit of g?
8
Let w(p) be the first derivative of -2*p**2 - 2*p - 7. What is the tens digit of w(-8)?
3
Let i = 60 + -6. What is the tens digit of i?
5
Suppose 146 = j + 22. What is the hundreds digit of j?
1
Let y(n) = 2*n + 11. What is the units digit of y(8)?
7
Let y = -169 + 297. What is the tens digit of y?
2
Let t(w) = -w**3 - 3*w**2 - 5. Suppose -2*i + 2 - 10 = 0. Let q be t(i). Let l = q - 7. What is the units digit of l?
4
What is the units digit of 357/(-7)*(-4 - -3)?
1
Let y = 14 + -20. Let s = y - -6. Suppose -2*f = -s*f - 22. What is the tens digit of f?
1
Let l be (-1 - -1)/(2 - 4). Suppose 6*n - n - 180 = l. What is the units digit of n?
6
Let o = -14 + 14. Suppose o = 2*r - 17 - 43. What is the tens digit of r?
3
What is the tens digit of 8/12 + (-820)/(-12)?
6
Suppose r + 64 = 5*r. What is the units digit of r?
6
Let i(y) = -y + 3. Let t be i(2). What is the units digit of ((-17)/(1 + -2))/t?
7
Let j(y) = 20*y - 20. What is the units digit of j(3)?
0
Let c(k) = -10*k - 3. Let r(g) = 20*g + 6. Let z(u) = -u - 7. Let q be z(-4). Let h(n) = q*r(n) - 5*c(n). What is the units digit of h(-2)?
7
Let b(z) = -z**3 - 11*z**2 - 26*z - 11. What is the units digit of b(-8)?
5
Let h(n) be the first derivative of -n**4/4 + n**3 - 2*n - 1. Suppose 4*i - 2*s + 16 = 0, 0*s + s = 4*i + 12. What is the units digit of h(i)?
8
Suppose -5*c + 312 = -208. What is the units digit of c?
4
Let y = -16 - -10. Let b be 4/(-6) + (-22)/y. Suppose 3*t - b = 9. What is the units digit of t?
4
Suppose 3*t + 2*t = 25. What is the units digit of t - 0 - (11 - 9)?
3
Let g(v) = v**3 + v**2 - 2*v. Let r be g(-2). Suppose r*a = 5*a - 130. What is the tens digit of a?
2
What is the units digit of ((-327)/18)/(7/(-42))?
9
Suppose 0*f + 20 = 2*f - 2*c, 0 = -f - 4*c - 10. Suppose -3*o + o - f = 0. What is the units digit of (-6)/((18/8)/o)?
8
Suppose -2*z + 5*z - 15 = 0. Suppose 0*h + 185 = z*h. What is the tens digit of h?
3
Let a = 52 - 22. Let k = a + -19. What is the tens digit of k?
1
Let s(v) = -17*v - 15. Let i be s(-10). Suppose 4*p - i = -p. What is the tens digit of p?
3
Suppose 0 = -8*p + 502 + 466. What is the hundreds digit of p?
1
Let v(y) = -3 - y + 4 - 8 + 0*y. Let t(m) = -2*m - 13. Let g(o) = 3*t(o) - 5*v(o). What is the units digit of g(-5)?
1
What is the units digit of 2/3 + 200/6?
4
Let s be 6/10 - 34/(-10). Let z = 7 - 3. Suppose -z*f + 18 + 36 = u, 4*f = s*u + 44. What is the units digit of f?
3
Let g(r) = r**3 + 8*r**2 + 6*r + 4. What is the units digit of g(-5)?
9
Let p = 79 + -28. What is the units digit of p?
1
Let a = 241 + -161. What is the units digit of a?
0
Suppose 5*d - 10 = 2*w + 42, 0 = -4*d - w + 52. Let q = -11 + d. What is the units digit of q?
1
Suppose 3*n - 4 = -1. Let b be n/(-1 + 2/1). What is the units digit of (8 + (1 - 2))*b?
7
Let z = 13 + -11. Suppose -m + 8 = -2*i, 0*i + z*i + 14 = 2*m. What is the units digit of m?
6
Let g = -2 - -1. Let d(h) = -h. What is the units digit of d(g)?
1
What is the tens digit of 16/(-24)*-1*123?
8
What is the units digit of 26 + 7 + -3 + -2?
8
Let g be (-1*-1*5)/1. Suppose -6 = 2*h, 0*k = 2*k + g*h - 13. Suppose k = 4*m - d, 0*m + m = d + 5. What is the units digit of m?
3
Let n(h) = 4*h - 2. Let m be n(-10). Let u = m - -90. What is the units digit of u?
8
Let z = 23 - 18. Suppose 0*w - 2*w + 286 = 5*a, -2*a = z*w - 127. What is the units digit of a?
6
Let j(a) = 4*a**2 + 48*a - 10. What is the tens digit of j(-14)?
0
Let i = 2 - 2. Let u = i - -2. Suppose 3*c + 4*s - 24 = 11, 40 = 4*c + u*s. What is the units digit of c?
9
Let u(b) = b**2 + 4*b + 1. Let t be u(-5). Let o(w) = -t*w + 6*w + 8*w**2. What is the units digit of o(-1)?
8
Suppose -36 = -z + 13. What is the units digit of z?
9
Suppose -14 = -h - 3*w, -3*w + 16 = 4. What is the units digit of h?
2
